, 7
Let l(y) = -4*y - 19. Let r be l(-6). Suppose 3*s = -r*t - 7 - 2, -5*t = 15. Suppose -2*m - k + 2*k = -133, 5*m = -s*k + 355. What are the prime factors of m?
3, 23
Let i(w) = 13*w**2 - 244*w - 306. List the prime factors of i(87).
3, 25621
Suppose 55*g + 637 = 56*g. Suppose -k = -0*k - g. Suppose -7*l - 5*u - k = -10*l, -3*l - 4*u + 592 = 0. List the prime factors of l.
2, 3, 17
Let c(q) = 295*q**3 - 10*q**2 + 27*q - 8. What are the prime factors of c(3)?
2, 1987
Suppose -50 = -z - 4. Suppose 3*v + i - 6 = 5, -4*v + 3*i = 7. Suppose g + v*w = z, g = -g - w + 107. List the prime factors of g.
2, 7
Suppose -2*q = 16*q - 38358. Suppose -4*w + 4*c + q = -c, 5*w + 3*c = 2710. List the prime factors of w.
7, 11
Suppose -11*y + 0*y - 93300 = -23*y. List the prime factors of y.
5, 311
Suppose -f + 79534 = 132*f. What are the prime factors of f?
2, 13, 23
Suppose -3*l + 3*k = -41322, -4*l + 4*k + 55116 = 5*k. List the prime factors of l.
2, 83
List the prime factors of (-2)/8*-10 - (4 - 41475/42).
2, 17, 29
Let b(n) = n**2 + 25*n + 42. Let l be b(-28). Suppose 5*g - 88 = -5*x + 2, 4*x + l = 5*g. List the prime factors of g.
2, 11
Let f be (-3)/7 + 1*996/(-28). Let a = f - -63. What are the prime factors of a?
3
Let u = 21 - 19. Let t be (1/u)/(1/6). What are the prime factors of 9*((-88)/(-12) + t)?
3, 31
Suppose -117248 = -4*t + 2*s, 4*s = 34*t - 38*t + 117248. List the prime factors of t.
2, 229
Suppose 14467 + 2987 = 4*t + 3*s, 0 = -4*t - 4*s + 17456. What are the prime factors of t?
2, 3, 727
Let k(z) = 106*z**3 - 14*z**2 + 2*z - 7. Let u(h) = 54*h**3 - 6*h**2 + h - 4. Let d(a) = -4*k(a) + 9*u(a). What are the prime factors of d(2)?
2, 3, 83
Let a(v) = 27*v + 142. Let j be a(11). Suppose 0 = 2*p - 2285 - j. List the prime factors of p.
2, 3, 227
Suppose 4*u = -0*u - 16. Let v(r) = 10*r**2 + r + 6 - 26*r**2 + r**3 + 13*r**2 + 10*r**2. List the prime factors of v(u).
2, 5
Let z = 4920 + -1071. List the prime factors of z.
3, 1283
Suppose -211 - 349 = -5*s. What are the prime factors of (3/2)/(14/s)?
2, 3
List the prime factors of (-9 + 6)*2572/(-12).
643
Let m be (-85*24 - 4)*(-2)/4. Let j = m - 334. List the prime factors of j.
2, 43
Let y = 361 - 361. Suppose y = 22*s + 6*s - 24024. List the prime factors of s.
2, 3, 11, 13
Suppose -15*n = -0*z - 5*z - 38160, -5*n - 4*z = -12720. List the prime factors of n.
2, 3, 53
Suppose -4*z = -4*b - 5*z + 22, -7 = -3*b + 4*z. Suppose -9482 = -b*p + 2*i, 9*p + i = 10*p - 1897. List the prime factors of p.
2, 3, 79
Let n(m) = 14*m**2 - 21*m + 40. Let a(w) = -16*w**2 + 20*w - 41. Let u(t) = -3*a(t) - 2*n(t). What are the prime factors of u(7)?
3, 13, 23
Let u be ((-1472)/460)/(2/(-1185)). Suppose -4*b + 6500 - u = 0. What are the prime factors of b?
1151
What are the prime factors of (-42)/(-4)*(-4 + 396)?
2, 3, 7
Let d(m) = 82*m**2 - m - 1. Suppose 1 = -4*w + 3*w. Let p be d(w). Suppose p = -7*o + 614. List the prime factors of o.
2, 19
Suppose 5*k + 200 = 10*k. Suppose 21*x = 23*x + k. List the prime factors of (70/8)/(-7)*x.
5
Let z(c) be the third derivative of -c**5/60 + 2*c**4/3 + 6*c**3 - c**2 - 47. What are the prime factors of z(11)?
7, 13
Let g(v) = v**2 - 185*v - 454. List the prime factors of g(-52).
2, 5, 1187
Let c(j) = j**3 - 22*j**2 - 19*j + 15. Let y be c(24). Suppose -8*m - m = -y. Suppose 4*b = -8*t + 3*t + 302, b + 3*t - m = 0. List the prime factors of b.
73
What are the prime factors of -6*((-5478289)/1302 + (-6)/(-63))?
3, 5, 11, 17
Let a(c) = 11*c + 307. Let r be a(-20). Let l = 19 + r. List the prime factors of l.
2, 53
Let i(s) = 19*s**2 - 68*s + 163. Let t(v) = -7*v**2 + 23*v - 54. Let r(h) = -4*i(h) - 11*t(h). List the prime factors of r(13).
2, 179
What are the prime factors of (-14084)/(-42)*210 + -7 + -2?
11, 37, 173
What are the prime factors of (24684/255)/(-1*(-4)/500)?
2, 5, 11
Suppose -72*i - 216*i = 37*i - 11345100. What are the prime factors of i?
2, 3, 2909
Let m(f) = f**2 + 65*f + 2284. What are the prime factors of m(-51)?
2, 5, 157
Let v(z) = 27*z + 75. Let u(h) = -h + 1. Let q(o) = 6*u(o) - v(o). List the prime factors of q(-19).
2, 3, 31
Let t(n) = -76*n**2 - 20*n + 79. Let w(j) = -15*j**2 - 4*j + 16. Let s(a) = 2*t(a) - 11*w(a). What are the prime factors of s(4)?
2, 103
Let z(i) = -i**3 + 8*i**2 - 6*i + 11. Let c = 75 - 68. Let y be z(c). What are the prime factors of (4/(96/y))/((-2)/(-640))?
2, 3, 5
Suppose -2*v - 4*o = -o - 8266, -5*v + 2*o = -20703. Suppose -16*y + v = -1829. What are the prime factors of y?
373
Suppose 3*n = -2*i + 7545, 25 = -i + 28. Let z = n - 1362. List the prime factors of z.
1151
Suppose 4*b - 9*y + 7*y = 3652, -2*b = y - 1826. Let l = 1357 - b. What are the prime factors of l?
2, 3, 37
Let s be 8/3 + -2 + 36/27. Suppose s*u = 4*x - 70, -6*x - u = -2*x - 79. List the prime factors of x.
19
Let v = 158 + 227. Let n = 55 - 52. Suppose 2*o - o - 85 = n*r, -5*o + v = 5*r. What are the prime factors of o?
79
Let q = 4330 + -1510. What are the prime factors of q?
2, 3, 5, 47
Let g be -20*(-2 - ((-24)/(-15) - 4)). Let c be (-34)/g + (-15)/(-20). Suppose 863 = c*b - 127. What are the prime factors of b?
2, 3, 11
Suppose -13875 = -2*q + z, 5*q - 32776 = z + 1913. List the prime factors of q.
2, 3469
Suppose -206138 - 470781 = -12*u - 5*c, 0 = 2*c + 10. What are the prime factors of u?
2, 3, 1567
Suppose 93*i = 79*i + 110740. What are the prime factors of i?
2, 5, 7, 113
Let t(a) = 2*a**3 - 63*a**2 - 11*a - 17. Let u be t(32). Let b = -153 + u. What are the prime factors of b?
2, 251
Suppose -168 = 13*b - 34*b. List the prime factors of -5 - 632*(-4)/b.
311
Let o be (20/14)/1 + (-32)/(-56). Suppose o*z + 184 = -374. Let d = -174 - z. List the prime factors of d.
3, 5, 7
Suppose -27 = 5*q - 52. Suppose 2*r + 4*h = 900, 3*r = q*h + 775 + 597. What are the prime factors of r?
2, 227
Suppose -4*h - 526 = -5*w, -425 = -5*w - 4*h + 69. List the prime factors of w - 3 - -6 - 1.
2, 13
Let m(t) be the second derivative of 2/5*t**5 - t**2 - 1/3*t**3 + 1/6*t**4 + 0 + 9*t. List the prime factors of m(2).
2, 3, 11
Suppose 13*r - 112 = -2*y, r = 3*y + 5 - 9. Let d(v) = -3 + 0*v**3 - 2 + 6*v + v**3 - 5*v**2. What are the prime factors of d(r)?
5, 47
Suppose -34 + 2 = -2*i. Suppose -5*b = -3*u + i, 2*u + 7*b - 4*b - 17 = 0. Suppose -4*w - 60 = -u*w. List the prime factors of w.
2, 5
Suppose 5*n - 5 = 2*k, -4 - 6 = -5*n + k. Suppose -n*g + 2*g = -59. Suppose -y - 152 = -5*w, -3*y + 105 = 5*w - g. What are the prime factors of w?
31
Suppose -5*l + 3894 = 6*l. Suppose -t - 2*y - y = -366, -t + y + l = 0. List the prime factors of t.
3, 7, 17
Suppose -5*o - 204 = 5*p - p, p + 51 = 5*o. What are the prime factors of (-1088)/p - -1*(-2)/6?
3, 7
Let i be 3150/(-54) + (-3)/(-9)*1. Let o = i + 171. List the prime factors of o.
113
Suppose w + 5*g - 9 = 0, -5*g + 3 = -2. Suppose 4*m + a = 4, -5*m - 16 = -0*a - w*a. Suppose -4*f + 11*f - 651 = m. What are the prime factors of f?
3, 31
Let l(a) = -24*a - 62. Let j(b) = -b**3 - 4*b**2 + 8*b + 9. Let q be j(-5). What are the prime factors of l(q)?
2, 41
Let y = 92 + -87. Suppose 2*f - 2*r = 1340, y*f + 3359 = 10*f - 2*r. List the prime factors of f.
673
Suppose -d - k - 375 = 0, -4*d + k - 1270 = 255. Let t = d + 645. List the prime factors of t.
5, 53
Let d = 514 + -305. Suppose -5*i - 5*a + 505 = 0, -2*i + 2*a = 2*i - 428. Let p = d - i. What are the prime factors of p?
2, 13
Let y = 35369 + -11203. List the prime factors of y.
2, 43, 281
Let z be (3 - 87/(-6))/((-1)/2). Let i = -33 - z. Suppose i*l - 2*g = 536, 0*l - 3*l + 4*g + 805 = 0. List the prime factors of l.
3, 89
Suppose -2*l - 4*l = -1176. What are the prime factors of l/(-6)*(8 - 99/9)?
2, 7
Let f(u) = u**3 + 3*u**2 - 7*u - 10. Let l be f(-3). Let x(y) = 2 - 11*y**2 + 3*y + 7*y + 0*y**3 + y**3. List the prime factors of x(l).
2, 7
Suppose -4*q - 464916 = 5*q - 111*q. List the prime factors of q.
2, 43, 53
Let s = 525 + -522. Suppose w = -3*i + 1672, s*w = i - 789 + 245. What are the prime factors of i?
2, 139
Suppose 16*z - 14*z - 4*c - 32 = 0, 2*z + c = 42. Suppose -3*l = -2*o - 45, -5*l - 5 = 2*o - 0*l. Let d = z + o. List the prime factors of d.
5
Suppose 0 = -3*y - 2*o + 23816, -132*y - 31748 = -136*y - 4*o. List the prime factors of y.
2, 11, 19
Let 